 - 223*v + 27856 = 0. What are the prime factors of v?
2, 1741
Let o = 48 + 175. Suppose 0 = -5*p - 3 + o. What are the prime factors of p?
2, 11
Suppose 36 = 10*x - 114. Let h(d) = 13*d + 56. What are the prime factors of h(x)?
251
Suppose 0 = -8*z + 9 + 7. List the prime factors of z + -4 + -1 + 48.
3, 5
Let f be (-3)/(0 + (1 - (-135)/(-138))). Let q = -14 - f. List the prime factors of q.
2, 31
Let r(t) = t**2 - 3*t - 14. Suppose -2*w = 4*i + 14, -3*i - i = -w - 13. What are the prime factors of r(w)?
2, 47
Suppose -122 = 3*s - s. Let w be (1 - s)*15/30. Let x = 3 + w. What are the prime factors of x?
2, 17
Suppose 2043 = 3*r - 3*h, 4*h + h = 3*r - 2039. Let m = -485 + r. List the prime factors of m.
2, 3, 11
Let g = -3625 - -6403. What are the prime factors of g?
2, 3, 463
Suppose 3028 = 13*g - 16849. List the prime factors of g.
11, 139
Suppose 41 = 2*l + 117. Let s = 82 + l. What are the prime factors of s?
2, 11
Let s be 4 - (-3 + 0 - -2)/(-1). Suppose -a - 166 = -s*a. What are the prime factors of a?
83
Let p(a) = 477*a - 45. What are the prime factors of p(3)?
2, 3, 7, 11
Suppose 3*t = -5*q + 1399 + 237, t = q + 540. List the prime factors of t.
2, 271
Let p(c) = -c**2 + 16*c + 1. Let j be 2/5 + (-56)/(-10). Let g(y) = -y**3 + 7*y**2 - 3*y - 4. Let f be g(j). What are the prime factors of p(f)?
29
Let q be (1 + -1)/(3 - 2). Suppose q = 3*w - 12. Suppose 0 = -w*j - 4*v + 124, 0 = -3*j - 3*v + 5*v + 83. List the prime factors of j.
29
Suppose 0 = g + 4*v - 1070, 5*g - 61*v = -60*v + 5308. List the prime factors of g.
2, 3, 59
Suppose 2*i + 26 = -2*j, -2*i + 3*i + 22 = -2*j. List the prime factors of (81/j)/(1 - (-14)/(-13)).
3, 13
Let f(m) = -m**3 + m**2 + 1. Let o be f(0). Let j(w) = -2*w**2 + w - 1. Let d be j(o). List the prime factors of (d/4)/(9/(-558)).
31
Suppose -44*c - 2808 = -46*c. What are the prime factors of c?
2, 3, 13
What are the prime factors of (-8)/(-4*(-1)/(-148))?
2, 37
Let y = 465 + -105. What are the prime factors of y?
2, 3, 5
Let b(i) = i**3 + 5*i**2 - 17*i - 14. Let m be b(6). Let d = -134 + m. What are the prime factors of d?
2, 73
Let w = 1007 + -408. What are the prime factors of w?
599
Let k(m) = m**2 - m + 349. Let r be k(0). Suppose 81 = -4*d + r. What are the prime factors of d?
67
Let s(h) = -h**3 + 8*h**2 - 9*h + 16. Let q be s(7). Suppose q*z - 210 = -z. List the prime factors of z.
2, 5, 7
Let f be 0 + 0*(2 + -3 + 2). Suppose -3*y + 191 = -8*y + 4*w, 2*w = -y - 27. Let p = f - y. List the prime factors of p.
5, 7
Let d = 6840 + -4738. What are the prime factors of d?
2, 1051
Let q = -179 - -1012. List the prime factors of q.
7, 17
Let c be 52/12 - (-1)/(-3). Suppose -286 = c*s - 1046. List the prime factors of s.
2, 5, 19
What are the prime factors of 3 + 3 + -1 + 1563?
2, 7
Let b be 100/(-6)*3/(-2). Suppose 2*x - 77 = -5*a, x + 4*a - 68 + b = 0. Let f = x - 22. List the prime factors of f.
3
What are the prime factors of (-143 + -1)/(13/5 - 3)?
2, 3, 5
Suppose 0 = q - 6*q - 5. Let x(l) = -l + 4. Let f be x(4). What are the prime factors of (-3 + -6)*(q + f)?
3
Let y(x) = -x**2 - 2*x - 2. Let a = -26 - -22. Let t be y(a). What are the prime factors of 3 + t/5 - -25?
2, 13
Suppose -2*m = m + 51. Let c = 27 + m. Suppose -4*f + c = f. What are the prime factors of f?
2
Suppose 0 = 31*f - 20627 - 3925. What are the prime factors of f?
2, 3, 11
Let w(v) = 4*v - 4. Let h = -15 + 17. Let q be w(h). Let g(l) = 3*l + 6. List the prime factors of g(q).
2, 3
Let p be 4 - ((-3 - 0) + 3). Suppose -2*b = -p*c + 148, -148 = -0*c - 4*c - 3*b. List the prime factors of c.
37
Let p be (28/49)/((-6)/(-63)). Let z(y) = 3 - 2*y + 10*y + p*y. List the prime factors of z(3).
3, 5
Let u(a) = -56*a + 621. What are the prime factors of u(-57)?
3, 31, 41
Suppose -j - 5*c = -24, -5*j + 3*c + 5 = -3. Suppose 5*t = 2*d - 162, -2*d + 182 = j*t + t. List the prime factors of d.
2, 43
Let u be (-328)/28 + 4/(-14). Let i = -13 - u. What are the prime factors of (18 - i) + -12 + 15?
2, 11
Suppose 5*l = 8*l + 4*o - 1222, -3*o + 1227 = 3*l. List the prime factors of l.
2, 3, 23
Let t(z) = 18*z + 8. Let k(s) = -18*s - 8. Let w(j) = 4*k(j) + 3*t(j). List the prime factors of w(-2).
2, 7
Suppose 3*h + 2*d = 22, 4*d - 16 = 2*h - h. Suppose h*t - 213 - 127 = 0. List the prime factors of t.
5, 17
What are the prime factors of (-2)/3*(3/(-1) - 1332)?
2, 5, 89
Let f be (-87)/(-6) - 6/4. Let i = -14 + f. List the prime factors of 9*(3 - 0) - i.
2, 7
What are the prime factors of (-102050)/(-250) - (-4)/5?
409
Let x(l) = 36*l - 1. Suppose 0 = a + 5*i + 14, 3*a + i = -i + 10. Suppose 2 = -a*b + 8*b. List the prime factors of x(b).
5, 7
Suppose b - 142 = -3*d, 4*d - 132 = -b + 7. List the prime factors of b.
151
Suppose -3*r = -9 - 0. Suppose r*m - 4*m + 39 = 0. Let p = 85 - m. List the prime factors of p.
2, 23
Let i(m) = -320*m - 49. List the prime factors of i(-5).
3, 11, 47
Let g be 1/(-3) - (-80)/15. Suppose 12 + 3 = 3*c - g*i, -4*c + 5*i + 15 = 0. Suppose -2*d + 4*m = 7*m - 29, c = -4*d - 4*m + 60. List the prime factors of d.
2
Suppose 59*c = 62*c - 471. Suppose 0 = -5*z + 5, w - c = -z + 5*z. What are the prime factors of w?
7, 23
Suppose -152 = -3*y - n, 27 + 37 = y - 3*n. Suppose 3*c - y - 305 = 0. List the prime factors of c.
7, 17
Suppose 2*u = 5*m + 4505, 2294 = u + 4*m + 74. Suppose -v + u = 9*v. What are the prime factors of v?
2, 7
Let b(f) be the second derivative of -f**3/3 - 5*f**2/2 + 17*f. What are the prime factors of b(-4)?
3
Suppose -3*b - 115 = -541. List the prime factors of b.
2, 71
Let f be 49/(42/6) - 3*1. What are the prime factors of f/12 + (-284)/(-3) + 4?
3, 11
Let c(k) = 271*k**3 + 8*k + 2 - 7*k**2 - 272*k**3 - 2*k. Let m = -2 + -6. List the prime factors of c(m).
2, 3
Suppose -12*f + 45 + 399 = 0. List the prime factors of f.
37
Let r(m) = m**3 + 8*m**2 + 10*m + 15. Let j be r(-7). What are the prime factors of -36*(9/j + -1)?
2, 3, 5
Let q be 1/4 - 831/(-4). Let x = q - 88. Suppose -a + 5*a = x. What are the prime factors of a?
2, 3, 5
Let z = -813 + 1456. List the prime factors of z.
643
Suppose -4*z = 2*a - 104 + 30, -4*z + 132 = 4*a. What are the prime factors of a?
29
Let t(n) = -n**3 - 6*n**2 + 13*n + 17. List the prime factors of t(-11).
479
Suppose b - 4 + 25 = v, -102 = -5*v + 2*b. List the prime factors of v.
2, 5
Let m(b) = 156*b**3 + b**2 - 1. Let j be m(1). Suppose -w - 2*n + j = n, 5*n + 290 = 2*w. Suppose -5*p + w = -2*p. List the prime factors of p.
2, 5
Let y = 2359 - 892. What are the prime factors of y?
3, 163
List the prime factors of 5/((-20)/(-6222)) - (-3)/2.
3, 173
Suppose 5*u = -3*b + 9946, -b - 39 = 2*u - 3356. List the prime factors of b.
3307
Suppose g - 2 = -4*n - 0, -3*n = -g + 37. Suppose 2 = -4*t + g. Suppose -2*m - h = -101 + 12, -4*m + 175 = t*h. List the prime factors of m.
3, 5
Suppose 3*f - 1320 - 99 = 0. What are the prime factors of f?
11, 43
Let h(r) = r**3 - 17*r**2 + 23*r + 13. What are the prime factors of h(17)?
2, 101
Let c be (-9)/(2*(-6)/(-200)). Let q = c - -39. Let g = -79 - q. What are the prime factors of g?
2
Suppose -5*v + 3264 = -4*f, 3*f = 5*v - 3174 - 94. List the prime factors of v.
2, 41
Suppose -3*t - 505 + 5749 = 2*v, 0 = 2*v - 6. What are the prime factors of t?
2, 3, 97
Suppose -2*a + 16 + 60 = 0. Let z = 24 - a. What are the prime factors of z/(-3) + 5/15?
5
Let k(f) = -f**2 - 2*f - 34. Let u = 12 - 12. Let b be k(u). Let x = b - -64. List the prime factors of x.
2, 3, 5
Let g = -11 + 13. Suppose -g*c = -4*c - 2. Let y = 4 - c. List the prime factors of y.
5
Suppose -16*s + 30124 - 268 = 0. List the prime factors of s.
2, 3, 311
Suppose 0*d - 1971 = -9*d. What are the prime factors of 4/(-6) + d/18*10?
11
Let o = 311 - 140. List the prime factors of o.
3, 19
Let q(n) = n**3 - 5*n**2 + 3*n + 6. Suppose -5*h - 5*c + 53 - 3 = 0, -4*c = 5*h - 46. What are the prime factors of q(h)?
2, 3, 5
Let o = -12 - -9. Let q(j) = j**2 - j + 1. Let s(h) = h**2 - h. Let r(w) = q(w) + 2*s(w). What are the prime factors of r(o)?
37
Suppose -3*a - 4*b + 186 = 0, -4*b = -3*a - 3*b + 201. Suppose -2*o + 4*q = -80 - a, -5*o - 3*q = -313. What are the prime factors of o?
5, 13
Let f(w) = -3*w**3 + 7*w**2 - 15*w + 71. List the prime factors of f(-10).
3, 1307
Suppose 7*d +